{"id":1088,"date":"2018-06-19T11:39:19","date_gmt":"2018-06-19T09:39:19","guid":{"rendered":"http:\/\/tps-trauma.org\/?page_id=1088"},"modified":"2020-11-12T15:10:34","modified_gmt":"2020-11-12T14:10:34","slug":"remerciements","status":"publish","type":"page","link":"https:\/\/tps-trauma.org\/index.php\/remerciements\/","title":{"rendered":"Remerciements"},"content":{"rendered":"<p style=\"text-align: center;\"><strong>REMERCIEMENTS<\/strong><\/p>\n<p>Je ne saurais clore ce travail sans remercier ceux qui, \u00e0 des moments et des degr\u00e9s divers, m\u2019ont aid\u00e9e \u00e0 l\u2019accomplir :<\/p>\n<p><em>Mes parents, mes enfants et petits enfants, in\u00e9puisables sources d\u2019\u00e9nergie et de s\u00e9r\u00e9nit\u00e9. <\/em><\/p>\n<p><em>Les Professeurs d\u2019Universit\u00e9s et Chefs de Services qui m\u2019ont laiss\u00e9 carte blanche pour la cr\u00e9ation d\u2019Enseignements Universitaires de Psycho-traumatologie et qui ont accompagn\u00e9 avec bienveillance mon travail de recherche clinique\u00a0:<\/em><\/p>\n<p><em>Louis Crocq, Fran\u00e7ois Lebigot, Roger Planche, Michel Reynaud, Michel Latchoumanin, Eric Baccino\u2026<\/em><\/p>\n<p><em>\u00a0<\/em><em>Zacarias Duarte Castellon<\/em><em>, <\/em><em>Directeur G\u00e9n\u00e9ral de l\u2019Institut de M\u00e9decine L\u00e9gale de la Cour Supr\u00eame de Justice du Nicaragua qui, de plus, m\u2019a propos\u00e9 et a r\u00e9alis\u00e9 la traduction de ce livre en espagnol.<\/em><\/p>\n<p><em>\u00a0<\/em><em>Toutes les personnes victimes de traumatismes qui ont accept\u00e9 de se confier \u00e0 moi pour le travail th\u00e9rapeutique. Elle m\u2019ont apport\u00e9 non seulement une reconnaissance gratifiante mais surtout de pr\u00e9cieuses donn\u00e9es qui ont enrichi ma recherche et m\u2019ont permis d\u2019en extraire une m\u00e9thode th\u00e9rapeutique innovante.<\/em><\/p>\n<p><em>\u00a0<\/em><em>Jean, Daniel, Franck et Jane qui m\u2019ont autoris\u00e9e \u00e0 utiliser la transcription de leurs s\u00e9ances film\u00e9es. Ils l\u2019ont accept\u00e9 volontiers car disent-ils \u00ab\u00a0ils ont conscience que leur exp\u00e9rience peut servir \u00e0 aider d\u2019autres personnes \u00e0 sortir de la situation douloureuse qu\u2019ils ont v\u00e9cue\u00a0\u00bb. Je suis honor\u00e9e et fi\u00e8re de la confiance qu\u2019ils m\u2019accordent<\/em><\/p>\n<p><em>Thomas Parle pour sa relecture et ses corrections propos\u00e9es, toujours pertinentes. <\/em><\/p>\n<p>Jean Boivin qui, d\u00e8s notre rencontre, en 2010, a pris la mesure de l\u2019int\u00e9r\u00eat de mon travail pour toute personne victime de trauma et m\u2019a encourag\u00e9 \u00e0 le publier.<\/p>\n<p>Ses qualit\u00e9s d\u2019observation et d\u2019\u00e9coute, son implication pour assurer la technique des s\u00e9ances de th\u00e9rapie film\u00e9es, puis les retranscrire int\u00e9gralement ont \u00e9t\u00e9 d\u2019une aide indispensable pour toute la deuxi\u00e8me partie du livre\u00a0: l\u2019Application Clinique de la TPS.<\/p>\n<p>Ainsi, tout lecteur assiste directement aux s\u00e9ances et les th\u00e9rapeutes peuvent y trouver une forme d\u2019apprentissage proche du compagnonnage.<\/p>\n<p>Il a cr\u00e9\u00e9 et il g\u00e8re, \u00e0 l\u2019occasion de la sortie de cet ouvrage, le site Internet de la TPS :<\/p>\n<p style=\"text-align: center;\"><strong>www.tps-trauma.org<\/strong><\/p>\n","protected":false},"excerpt":{"rendered":"<p>REMERCIEMENTS Je ne saurais clore ce travail sans remercier ceux qui, \u00e0 des moments et des degr\u00e9s divers, m\u2019ont aid\u00e9e \u00e0 l\u2019accomplir : Mes parents, mes enfants et petits enfants, in\u00e9puisables sources d\u2019\u00e9nergie et de s\u00e9r\u00e9nit\u00e9. Les Professeurs d\u2019Universit\u00e9s et Chefs de Services qui m\u2019ont laiss\u00e9 carte blanche pour la cr\u00e9ation d\u2019Enseignements Universitaires de Psycho-traumatologie &hellip; <\/p>\n<p class=\"link-more\"><a href=\"https:\/\/tps-trauma.org\/index.php\/remerciements\/\" class=\"more-link\">Continuer la lecture<span class=\"screen-reader-text\"> de &laquo;&nbsp;Remerciements&nbsp;&raquo;<\/span><\/a><\/p>\n","protected":false},"author":1,"featured_media":0,"parent":0,"menu_order":0,"comment_status":"closed","ping_status":"closed","template":"","meta":{"_crdt_document":"","_uf_show_specific_survey":0,"_uf_disable_surveys":false,"jetpack_post_was_ever_published":false,"footnotes":""},"class_list":["post-1088","page","type-page","status-publish","hentry"],"aioseo_notices":[],"jetpack_sharing_enabled":true,"jetpack_shortlink":"https:\/\/wp.me\/PajXwX-hy","jetpack-related-posts":[],"_links":{"self":[{"href":"https:\/\/tps-trauma.org\/index.php\/wp-json\/wp\/v2\/pages\/1088","targetHints":{"allow":["GET"]}}],"collection":[{"href":"https:\/\/tps-trauma.org\/index.php\/wp-json\/wp\/v2\/pages"}],"about":[{"href":"https:\/\/tps-trauma.org\/index.php\/wp-json\/wp\/v2\/types\/page"}],"author":[{"embeddable":true,"href":"https:\/\/tps-trauma.org\/index.php\/wp-json\/wp\/v2\/users\/1"}],"replies":[{"embeddable":true,"href":"https:\/\/tps-trauma.org\/index.php\/wp-json\/wp\/v2\/comments?post=1088"}],"version-history":[{"count":2,"href":"https:\/\/tps-trauma.org\/index.php\/wp-json\/wp\/v2\/pages\/1088\/revisions"}],"predecessor-version":[{"id":2606,"href":"https:\/\/tps-trauma.org\/index.php\/wp-json\/wp\/v2\/pages\/1088\/revisions\/2606"}],"wp:attachment":[{"href":"https:\/\/tps-trauma.org\/index.php\/wp-json\/wp\/v2\/media?parent=1088"}],"curies":[{"name":"wp","href":"https:\/\/api.w.org\/{rel}","templated":true}]}}