{"id":1492,"date":"2018-07-04T17:36:02","date_gmt":"2018-07-04T15:36:02","guid":{"rendered":"http:\/\/tps-trauma.org\/?page_id=1492"},"modified":"2019-11-15T16:37:35","modified_gmt":"2019-11-15T15:37:35","slug":"pourquoi-ce-livre-est-il-different","status":"publish","type":"page","link":"https:\/\/tps-trauma.org\/index.php\/pourquoi-ce-livre-est-il-different\/","title":{"rendered":"En quoi ce livre est diff\u00e9rent"},"content":{"rendered":"\n<script async src=\"https:\/\/www.googletagmanager.com\/gtag\/js?id=UA-53267311-2\"><\/script>\n<script>\n  window.dataLayer = window.dataLayer || [];\n  function gtag(){dataLayer.push(arguments);}\n  gtag('js', new Date());\n\n  gtag('config', 'UA-53267311-2');\n<\/script>\n\n\n\n<p class=\"wp-block-paragraph\">Ce livre est tr\u00e8s diff\u00e9rent de la plupart des ouvrages sur le psycho-trauma.<\/p>\n\n\n\n<ul class=\"wp-block-list\"><li>il n\u2019est pas un rappel historique de la psycho-traumatologie.<\/li><li>il n\u2019est pas une \u00e9ni\u00e8me revue des diverses th\u00e9ories sur le psycho-trauma.<\/li><li>il n\u2019est pas une pr\u00e9sentation des diff\u00e9rentes th\u00e9rapies existantes.<\/li><li>il n\u2019est pas un expos\u00e9 des avanc\u00e9es apport\u00e9es par les recherches en neurosciences ou autres.<\/li><\/ul>\n\n\n\n<p class=\"wp-block-paragraph\">Il est diff\u00e9rent et original parce que j\u2019y pr\u00e9sente ma m\u00e9thode, encore in\u00e9dite, de traitement du psycho-trauma et de ses cons\u00e9quences&nbsp;: la <strong>Th\u00e9rapie Psycho-Sensorielle.&nbsp;<\/strong>Elle est <strong>le r\u00e9sultat de 40 ann\u00e9es de recherche et de pratique clinique.<\/strong> <br>Je l&rsquo;ai \u00e9crite \u00e0 la premi\u00e8re personne, dans un langage accessible.<\/p>\n\n\n\n<h4 class=\"wp-block-heading\">J\u2019y explicite l\u2019\u00e9laboration de la m\u00e9thode TPS :<\/h4>\n\n\n\n<ul class=\"wp-block-list\"><li>en partageant les cas cliniques qui ont \u00e9t\u00e9 d\u00e9terminants dans l\u2019initiation et la poursuite de ma recherche sur l\u2019implication du sensoriel dans le trauma. Ces cas sont analys\u00e9s.<\/li><li>en exposant la conceptualisation de la m\u00e9thode depuis la visite des paradigmes classiques jusqu\u2019\u00e0 la proposition de la Th\u00e9orie Psycho-Sensorielle.<\/li><\/ul>\n\n\n\n<h4 class=\"wp-block-heading\">Je pr\u00e9sente ensuite la Th\u00e9rapie Psycho-Sensorielle&nbsp;: <\/h4>\n\n\n\n<ul class=\"wp-block-list\"><li>J\u2019analyse l\u2019observation clinique et les r\u00e9sultats de la premi\u00e8re application de la TPS que j\u2019avais r\u00e9alis\u00e9e pour des enfants, pendant la guerre au Kosovo, en 1999.<\/li><li>Je justifie les assises de la Th\u00e9rapie Psycho-Sensorielle \u00e0 partir de cette exp\u00e9rience clinique.<\/li><li>J\u2019\u00e9tablis une revue des \u00e9cueils \u00e0 conna\u00eetre avant de se lancer dans une th\u00e9rapie du psycho-trauma, avec cas cliniques \u00e0 l\u2019appui.<\/li><li>Je d\u00e9veloppe le protocole de la TPS en l\u2019illustrant des propos de mes patients pour en renforcer la compr\u00e9hension.<\/li><\/ul>\n\n\n\n<h4 class=\"wp-block-heading\">Je retranscris int\u00e9gralement plusieurs s\u00e9ances de TPS et je les commente :<\/h4>\n\n\n\n<ul class=\"wp-block-list\"><li>Cette partie est fondamentale&nbsp;: elle constitue une pr\u00e9cieuse et fid\u00e8le biblioth\u00e8que des entretiens.<\/li><li> Cette partie comporte 120 pages, soit la moiti\u00e9 du livre.<br><\/li><li>Facile \u00e0 lire, elle va int\u00e9resser toute personne concern\u00e9e par le psycho-trauma et constituer un premier degr\u00e9 de formation assez proche du compagnonnage pour les th\u00e9rapeutes.<\/li><li> La retranscription papier, en vue de l\u2019\u00e9dition, s\u2019est faite avec l\u2019accord des personnes concern\u00e9es. <\/li><li>De plus, \u00e0 partir du livre, des liens vous permettent d&rsquo;\u00e9couter les entretiens en audio, directement sur le site de l&rsquo;\u00e9diteur.<\/li><\/ul>\n\n\n\n<p style=\"font-size:18px\" class=\"has-text-align-center wp-block-paragraph\"><a href=\"http:\/\/tps-trauma.org\/index.php\/pour-acheter-le-livre\/\">Comment se procurer le livre<\/a><\/p>\n","protected":false},"excerpt":{"rendered":"<p>Ce livre est tr\u00e8s diff\u00e9rent de la plupart des ouvrages sur le psycho-trauma. il n\u2019est pas un rappel historique de la psycho-traumatologie. il n\u2019est pas une \u00e9ni\u00e8me revue des diverses th\u00e9ories sur le psycho-trauma. il n\u2019est pas une pr\u00e9sentation des diff\u00e9rentes th\u00e9rapies existantes. il n\u2019est pas un expos\u00e9 des avanc\u00e9es apport\u00e9es par les recherches en &hellip; <\/p>\n<p class=\"link-more\"><a href=\"https:\/\/tps-trauma.org\/index.php\/pourquoi-ce-livre-est-il-different\/\" class=\"more-link\">Continuer la lecture<span class=\"screen-reader-text\"> de &laquo;&nbsp;En quoi ce livre est diff\u00e9rent&nbsp;&raquo;<\/span><\/a><\/p>\n","protected":false},"author":1,"featured_media":0,"parent":0,"menu_order":0,"comment_status":"closed","ping_status":"closed","template":"","meta":{"_crdt_document":"","_uf_show_specific_survey":0,"_uf_disable_surveys":false,"jetpack_post_was_ever_published":false,"footnotes":""},"class_list":["post-1492","page","type-page","status-publish","hentry"],"aioseo_notices":[],"jetpack_sharing_enabled":true,"jetpack_shortlink":"https:\/\/wp.me\/PajXwX-o4","jetpack-related-posts":[],"_links":{"self":[{"href":"https:\/\/tps-trauma.org\/index.php\/wp-json\/wp\/v2\/pages\/1492","targetHints":{"allow":["GET"]}}],"collection":[{"href":"https:\/\/tps-trauma.org\/index.php\/wp-json\/wp\/v2\/pages"}],"about":[{"href":"https:\/\/tps-trauma.org\/index.php\/wp-json\/wp\/v2\/types\/page"}],"author":[{"embeddable":true,"href":"https:\/\/tps-trauma.org\/index.php\/wp-json\/wp\/v2\/users\/1"}],"replies":[{"embeddable":true,"href":"https:\/\/tps-trauma.org\/index.php\/wp-json\/wp\/v2\/comments?post=1492"}],"version-history":[{"count":13,"href":"https:\/\/tps-trauma.org\/index.php\/wp-json\/wp\/v2\/pages\/1492\/revisions"}],"predecessor-version":[{"id":2557,"href":"https:\/\/tps-trauma.org\/index.php\/wp-json\/wp\/v2\/pages\/1492\/revisions\/2557"}],"wp:attachment":[{"href":"https:\/\/tps-trauma.org\/index.php\/wp-json\/wp\/v2\/media?parent=1492"}],"curies":[{"name":"wp","href":"https:\/\/api.w.org\/{rel}","templated":true}]}}

En quoi ce livre est différent

<script async src="https://www.googletagmanager.com/gtag/js?id=UA-53267311-2"></script>
<script>
  window.dataLayer = window.dataLayer || [];
  function gtag(){dataLayer.push(arguments);}
  gtag('js', new Date());

  gtag('config', 'UA-53267311-2');
</script>



<p class="wp-block-paragraph">Ce livre est très différent de la plupart des ouvrages sur le psycho-trauma.</p>



<ul class="wp-block-list"><li>il n’est pas un rappel historique de la psycho-traumatologie.</li><li>il n’est pas une énième revue des diverses théories sur le psycho-trauma.</li><li>il n’est pas une présentation des différentes thérapies existantes.</li><li>il n’est pas un exposé des avancées apportées par les recherches en neurosciences ou autres.</li></ul>



<p class="wp-block-paragraph">Il est différent et original parce que j’y présente ma méthode, encore inédite, de traitement du psycho-trauma et de ses conséquences&nbsp;: la <strong>Thérapie Psycho-Sensorielle.&nbsp;</strong>Elle est <strong>le résultat de 40 années de recherche et de pratique clinique.</strong> <br>Je l&rsquo;ai écrite à la première personne, dans un langage accessible.</p>



<h4 class="wp-block-heading">J’y explicite l’élaboration de la méthode TPS :</h4>



<ul class="wp-block-list"><li>en partageant les cas cliniques qui ont été déterminants dans l’initiation et la poursuite de ma recherche sur l’implication du sensoriel dans le trauma. Ces cas sont analysés.</li><li>en exposant la conceptualisation de la méthode depuis la visite des paradigmes classiques jusqu’à la proposition de la Théorie Psycho-Sensorielle.</li></ul>



<h4 class="wp-block-heading">Je présente ensuite la Thérapie Psycho-Sensorielle&nbsp;: </h4>



<ul class="wp-block-list"><li>J’analyse l’observation clinique et les résultats de la première application de la TPS que j’avais réalisée pour des enfants, pendant la guerre au Kosovo, en 1999.</li><li>Je justifie les assises de la Thérapie Psycho-Sensorielle à partir de cette expérience clinique.</li><li>J’établis une revue des écueils à connaître avant de se lancer dans une thérapie du psycho-trauma, avec cas cliniques à l’appui.</li><li>Je développe le protocole de la TPS en l’illustrant des propos de mes patients pour en renforcer la compréhension.</li></ul>



<h4 class="wp-block-heading">Je retranscris intégralement plusieurs séances de TPS et je les commente :</h4>



<ul class="wp-block-list"><li>Cette partie est fondamentale&nbsp;: elle constitue une précieuse et fidèle bibliothèque des entretiens.</li><li> Cette partie comporte 120 pages, soit la moitié du livre.<br></li><li>Facile à lire, elle va intéresser toute personne concernée par le psycho-trauma et constituer un premier degré de formation assez proche du compagnonnage pour les thérapeutes.</li><li> La retranscription papier, en vue de l’édition, s’est faite avec l’accord des personnes concernées. </li><li>De plus, à partir du livre, des liens vous permettent d&rsquo;écouter les entretiens en audio, directement sur le site de l&rsquo;éditeur.</li></ul>



<p style="font-size:18px" class="has-text-align-center wp-block-paragraph"><a href="http://tps-trauma.org/index.php/pour-acheter-le-livre/">Comment se procurer le livre</a></p>

<p>Ce livre est très différent de la plupart des ouvrages sur le psycho-trauma. il n’est pas un rappel historique de la psycho-traumatologie. il n’est pas une énième revue des diverses théories sur le psycho-trauma. il n’est pas une présentation des différentes thérapies existantes. il n’est pas un exposé des avancées apportées par les recherches en &hellip; </p>
<p class="link-more"><a href="https://tps-trauma.org/index.php/pourquoi-ce-livre-est-il-different/" class="more-link">Continuer la lecture<span class="screen-reader-text"> de &laquo;&nbsp;En quoi ce livre est différent&nbsp;&raquo;</span></a></p>
