{"id":168,"date":"2018-05-27T08:27:05","date_gmt":"2018-05-27T06:27:05","guid":{"rendered":"http:\/\/tps-trauma.org\/?page_id=168"},"modified":"2020-04-30T11:36:46","modified_gmt":"2020-04-30T09:36:46","slug":"sommaire","status":"publish","type":"page","link":"https:\/\/tps-trauma.org\/index.php\/sommaire\/","title":{"rendered":"Sommaire"},"content":{"rendered":"\n<script async=\"\" src=\"https:\/\/www.googletagmanager.com\/gtag\/js?id=UA-53267311-2\"><\/script>\n<script>\n  window.dataLayer = window.dataLayer || [];\n  function gtag(){dataLayer.push(arguments);}\n  gtag('js', new Date());\n\n  gtag('config', 'UA-53267311-2');\n<\/script>\n\n\n<p style=\"text-align: center;\">SOMMAIRE<\/p>\n<p><strong>1 &#8211; \u00c9LABORATION DE LA TH\u00c9RAPIE PSYCHO-SENSORIELLE<\/strong><\/p>\n<p><strong>\u00c9TUDE DES PARADIGMES RECONNUS<\/strong><br \/>&#8211; Le champ historique de la psycho-traumatologie<br \/>&#8211; La violence et les situations de violence<br \/>&#8211; La connaissance de l\u2019appareil \u00e0 penser<br \/>&#8211; L\u2019impact des \u00e9v\u00e9nements violents chez l\u2019\u00eatre humain\u00a0: le concept de stress<br \/>&#8211; L\u2019impact des \u00e9v\u00e9nements violents chez l\u2019\u00eatre humain\u00a0: le concept de trauma psychique<\/p>\n<p><strong>PROPOSITION INNOVANTE<\/strong><br \/>&#8211; Les conditions d\u2019apparition du traumatisme psychique <strong>\u00a0<\/strong><\/p>\n<p><strong>L\u2019ABORD PSYCHO-SENSORIEL<\/strong><br \/>&#8211; La r\u00e9v\u00e9lation de souvenirs oubli\u00e9s de la conscience en cure de relaxation<br \/>&#8211; La d\u00e9couverte de l\u2019implication du sensoriel au moment du trauma<br \/>&#8211; L\u2019hypoth\u00e8se du r\u00f4le du sensoriel \u00e0 travers des cas cliniques.<br \/>&#8211; La th\u00e9orisation psycho-sensorielle<br \/>&#8211; La clinique post traumatique revisit\u00e9e <strong>\u00a0<\/strong><\/p>\n<p><strong>LA TH\u00c9RAPIE PSYCHO-SENSORIELLE<\/strong><br \/>&#8211; La revue des th\u00e9rapies habituelles\u00a0: pourquoi cr\u00e9er une nouvelle th\u00e9rapie\u00a0?<br \/>&#8211; La premi\u00e8re application clinique de l\u2019approche sensorielle. 1999<br \/>&#8211; Les \u00e9cueils \u00e0 conna\u00eetre avant toute mise en \u0153uvre d\u2019une th\u00e9rapie du trauma<br \/>&#8211; Le protocole de la Travers\u00e9e Psycho-Sensorielle<br \/>&#8211; La r\u00e9paration du cloisonnement psychique\u00a0: Le cas d\u2019Adam <strong>\u00a0<\/strong><\/p>\n<p><strong>2 &#8211; CAS CLINIQUES ENREGISTR\u00c9S EN TH\u00c9RAPIE PSYCHO-SENSORIELLE<\/strong><br \/>&#8211; Cas Daniel\u00a0: le travail sensoriel hors langage<br \/>&#8211; Cas Jean\u00a0: le r\u00f4le de l\u2019attitude du th\u00e9rapeute<br \/>&#8211; Cas Frank\u00a0: la retravers\u00e9e psycho-sensorielle pour un \u00e9v\u00e9nement en deux temps<br \/>&#8211; Cas Jane\u00a0: agressions sexuelles pendant l\u2019enfance<\/p>\n<p><strong>CONCLUSION<\/strong><\/p>","protected":false},"excerpt":{"rendered":"<p>SOMMAIRE 1 &#8211; \u00c9LABORATION DE LA TH\u00c9RAPIE PSYCHO-SENSORIELLE \u00c9TUDE DES PARADIGMES RECONNUS&#8211; Le champ historique de la psycho-traumatologie&#8211; La violence et les situations de violence&#8211; La connaissance de l\u2019appareil \u00e0 penser&#8211; L\u2019impact des \u00e9v\u00e9nements violents chez l\u2019\u00eatre humain\u00a0: le concept de stress&#8211; L\u2019impact des \u00e9v\u00e9nements violents chez l\u2019\u00eatre humain\u00a0: le concept de trauma psychique PROPOSITION &hellip; <\/p>\n<p class=\"link-more\"><a href=\"https:\/\/tps-trauma.org\/index.php\/sommaire\/\" class=\"more-link\">Continuer la lecture<span class=\"screen-reader-text\"> de &laquo;&nbsp;Sommaire&nbsp;&raquo;<\/span><\/a><\/p>\n","protected":false},"author":1,"featured_media":0,"parent":0,"menu_order":0,"comment_status":"closed","ping_status":"closed","template":"","meta":{"_crdt_document":"","_uf_show_specific_survey":0,"_uf_disable_surveys":false,"jetpack_post_was_ever_published":false,"footnotes":""},"class_list":["post-168","page","type-page","status-publish","hentry"],"aioseo_notices":[],"jetpack_sharing_enabled":true,"jetpack_shortlink":"https:\/\/wp.me\/PajXwX-2I","jetpack-related-posts":[],"_links":{"self":[{"href":"https:\/\/tps-trauma.org\/index.php\/wp-json\/wp\/v2\/pages\/168","targetHints":{"allow":["GET"]}}],"collection":[{"href":"https:\/\/tps-trauma.org\/index.php\/wp-json\/wp\/v2\/pages"}],"about":[{"href":"https:\/\/tps-trauma.org\/index.php\/wp-json\/wp\/v2\/types\/page"}],"author":[{"embeddable":true,"href":"https:\/\/tps-trauma.org\/index.php\/wp-json\/wp\/v2\/users\/1"}],"replies":[{"embeddable":true,"href":"https:\/\/tps-trauma.org\/index.php\/wp-json\/wp\/v2\/comments?post=168"}],"version-history":[{"count":5,"href":"https:\/\/tps-trauma.org\/index.php\/wp-json\/wp\/v2\/pages\/168\/revisions"}],"predecessor-version":[{"id":2498,"href":"https:\/\/tps-trauma.org\/index.php\/wp-json\/wp\/v2\/pages\/168\/revisions\/2498"}],"wp:attachment":[{"href":"https:\/\/tps-trauma.org\/index.php\/wp-json\/wp\/v2\/media?parent=168"}],"curies":[{"name":"wp","href":"https:\/\/api.w.org\/{rel}","templated":true}]}}

<script async="" src="https://www.googletagmanager.com/gtag/js?id=UA-53267311-2"></script>
<script>
  window.dataLayer = window.dataLayer || [];
  function gtag(){dataLayer.push(arguments);}
  gtag('js', new Date());

  gtag('config', 'UA-53267311-2');
</script>


<p style="text-align: center;">SOMMAIRE</p>
<p><strong>1 &#8211; ÉLABORATION DE LA THÉRAPIE PSYCHO-SENSORIELLE</strong></p>
<p><strong>ÉTUDE DES PARADIGMES RECONNUS</strong><br />&#8211; Le champ historique de la psycho-traumatologie<br />&#8211; La violence et les situations de violence<br />&#8211; La connaissance de l’appareil à penser<br />&#8211; L’impact des événements violents chez l’être humain : le concept de stress<br />&#8211; L’impact des événements violents chez l’être humain : le concept de trauma psychique</p>
<p><strong>PROPOSITION INNOVANTE</strong><br />&#8211; Les conditions d’apparition du traumatisme psychique <strong> </strong></p>
<p><strong>L’ABORD PSYCHO-SENSORIEL</strong><br />&#8211; La révélation de souvenirs oubliés de la conscience en cure de relaxation<br />&#8211; La découverte de l’implication du sensoriel au moment du trauma<br />&#8211; L’hypothèse du rôle du sensoriel à travers des cas cliniques.<br />&#8211; La théorisation psycho-sensorielle<br />&#8211; La clinique post traumatique revisitée <strong> </strong></p>
<p><strong>LA THÉRAPIE PSYCHO-SENSORIELLE</strong><br />&#8211; La revue des thérapies habituelles : pourquoi créer une nouvelle thérapie ?<br />&#8211; La première application clinique de l’approche sensorielle. 1999<br />&#8211; Les écueils à connaître avant toute mise en œuvre d’une thérapie du trauma<br />&#8211; Le protocole de la Traversée Psycho-Sensorielle<br />&#8211; La réparation du cloisonnement psychique : Le cas d’Adam <strong> </strong></p>
<p><strong>2 &#8211; CAS CLINIQUES ENREGISTRÉS EN THÉRAPIE PSYCHO-SENSORIELLE</strong><br />&#8211; Cas Daniel : le travail sensoriel hors langage<br />&#8211; Cas Jean : le rôle de l’attitude du thérapeute<br />&#8211; Cas Frank : la retraversée psycho-sensorielle pour un événement en deux temps<br />&#8211; Cas Jane : agressions sexuelles pendant l’enfance</p>
<p><strong>CONCLUSION</strong></p>

<p>SOMMAIRE 1 &#8211; ÉLABORATION DE LA THÉRAPIE PSYCHO-SENSORIELLE ÉTUDE DES PARADIGMES RECONNUS&#8211; Le champ historique de la psycho-traumatologie&#8211; La violence et les situations de violence&#8211; La connaissance de l’appareil à penser&#8211; L’impact des événements violents chez l’être humain : le concept de stress&#8211; L’impact des événements violents chez l’être humain : le concept de trauma psychique PROPOSITION &hellip; </p>
<p class="link-more"><a href="https://tps-trauma.org/index.php/sommaire/" class="more-link">Continuer la lecture<span class="screen-reader-text"> de &laquo;&nbsp;Sommaire&nbsp;&raquo;</span></a></p>
