{"id":246,"date":"2018-05-27T11:59:30","date_gmt":"2018-05-27T09:59:30","guid":{"rendered":"http:\/\/tps-trauma.org\/?page_id=246"},"modified":"2019-11-15T16:39:03","modified_gmt":"2019-11-15T15:39:03","slug":"nos-actions-par-pays","status":"publish","type":"page","link":"https:\/\/tps-trauma.org\/index.php\/nos-actions-par-pays\/","title":{"rendered":"Interventions r\u00e9alis\u00e9es"},"content":{"rendered":"\n<script async src=\"https:\/\/www.googletagmanager.com\/gtag\/js?id=UA-53267311-2\"><\/script>\n<script>\n  window.dataLayer = window.dataLayer || [];\n  function gtag(){dataLayer.push(arguments);}\n  gtag('js', new Date());\n\n  gtag('config', 'UA-53267311-2');\n<\/script>\n\n\n<p>Je vous propose, dans cette rubrique, de parcourir les actions que j&rsquo;ai men\u00e9es dans diff\u00e9rents pays au cours des derni\u00e8res ann\u00e9es.<\/p>\n<p>Soit seule dans le cadre d&rsquo;actions organis\u00e9es par des institutions, soit de 2011 \u00e0 2016 dans le cadre de mon association FMCSF (Formation M\u00e9dicale Continue Sans Fronti\u00e8re) devenue PTSF (Psycho-Trauma Sans Fronti\u00e8re) avec l&rsquo;aide de Jean Boivin.<\/p>\n<p>&nbsp;<\/p>\n<ul class=\"lcp_catlist\" id=\"lcp_instance_0\"><li><a href=\"https:\/\/tps-trauma.org\/index.php\/2018\/09\/23\/france\/\">France m\u00e9tropolitaine<\/a><\/li><li><a href=\"https:\/\/tps-trauma.org\/index.php\/2018\/05\/29\/madagascar\/\">Madagascar<\/a><\/li><li><a href=\"https:\/\/tps-trauma.org\/index.php\/2018\/05\/29\/la-reunion\/\">La R\u00e9union<\/a><\/li><li><a href=\"https:\/\/tps-trauma.org\/index.php\/2018\/05\/29\/usa\/\">USA<\/a><\/li><li><a href=\"https:\/\/tps-trauma.org\/index.php\/2018\/05\/29\/canada\/\">Canada<\/a><\/li><li><a href=\"https:\/\/tps-trauma.org\/index.php\/2018\/05\/29\/algerie\/\">Alg\u00e9rie<\/a><\/li><li><a href=\"https:\/\/tps-trauma.org\/index.php\/2018\/05\/28\/nicaragua\/\">Nicaragua<\/a><\/li><li><a href=\"https:\/\/tps-trauma.org\/index.php\/2018\/05\/28\/albanie-kosovo\/\">Albanie Kosovo<\/a><\/li><\/ul>","protected":false},"excerpt":{"rendered":"<p>Je vous propose, dans cette rubrique, de parcourir les actions que j&rsquo;ai men\u00e9es dans diff\u00e9rents pays au cours des derni\u00e8res ann\u00e9es. Soit seule dans le cadre d&rsquo;actions organis\u00e9es par des institutions, soit de 2011 \u00e0 2016 dans le cadre de mon association FMCSF (Formation M\u00e9dicale Continue Sans Fronti\u00e8re) devenue PTSF (Psycho-Trauma Sans Fronti\u00e8re) avec l&rsquo;aide &hellip; <\/p>\n<p class=\"link-more\"><a href=\"https:\/\/tps-trauma.org\/index.php\/nos-actions-par-pays\/\" class=\"more-link\">Continuer la lecture<span class=\"screen-reader-text\"> de &laquo;&nbsp;Interventions r\u00e9alis\u00e9es&nbsp;&raquo;<\/span><\/a><\/p>\n","protected":false},"author":1,"featured_media":0,"parent":0,"menu_order":0,"comment_status":"closed","ping_status":"closed","template":"","meta":{"_crdt_document":"","_uf_show_specific_survey":0,"_uf_disable_surveys":false,"jetpack_post_was_ever_published":false,"footnotes":""},"class_list":["post-246","page","type-page","status-publish","hentry"],"aioseo_notices":[],"jetpack_sharing_enabled":true,"jetpack_shortlink":"https:\/\/wp.me\/PajXwX-3Y","jetpack-related-posts":[],"_links":{"self":[{"href":"https:\/\/tps-trauma.org\/index.php\/wp-json\/wp\/v2\/pages\/246","targetHints":{"allow":["GET"]}}],"collection":[{"href":"https:\/\/tps-trauma.org\/index.php\/wp-json\/wp\/v2\/pages"}],"about":[{"href":"https:\/\/tps-trauma.org\/index.php\/wp-json\/wp\/v2\/types\/page"}],"author":[{"embeddable":true,"href":"https:\/\/tps-trauma.org\/index.php\/wp-json\/wp\/v2\/users\/1"}],"replies":[{"embeddable":true,"href":"https:\/\/tps-trauma.org\/index.php\/wp-json\/wp\/v2\/comments?post=246"}],"version-history":[{"count":8,"href":"https:\/\/tps-trauma.org\/index.php\/wp-json\/wp\/v2\/pages\/246\/revisions"}],"predecessor-version":[{"id":2329,"href":"https:\/\/tps-trauma.org\/index.php\/wp-json\/wp\/v2\/pages\/246\/revisions\/2329"}],"wp:attachment":[{"href":"https:\/\/tps-trauma.org\/index.php\/wp-json\/wp\/v2\/media?parent=246"}],"curies":[{"name":"wp","href":"https:\/\/api.w.org\/{rel}","templated":true}]}}

Interventions réalisées

<script async src="https://www.googletagmanager.com/gtag/js?id=UA-53267311-2"></script>
<script>
  window.dataLayer = window.dataLayer || [];
  function gtag(){dataLayer.push(arguments);}
  gtag('js', new Date());

  gtag('config', 'UA-53267311-2');
</script>


<p>Je vous propose, dans cette rubrique, de parcourir les actions que j&rsquo;ai menées dans différents pays au cours des dernières années.</p>
<p>Soit seule dans le cadre d&rsquo;actions organisées par des institutions, soit de 2011 à 2016 dans le cadre de mon association FMCSF (Formation Médicale Continue Sans Frontière) devenue PTSF (Psycho-Trauma Sans Frontière) avec l&rsquo;aide de Jean Boivin.</p>
<p>&nbsp;</p>
<ul class="lcp_catlist" id="lcp_instance_0"><li><a href="https://tps-trauma.org/index.php/2018/09/23/france/">France métropolitaine</a></li><li><a href="https://tps-trauma.org/index.php/2018/05/29/madagascar/">Madagascar</a></li><li><a href="https://tps-trauma.org/index.php/2018/05/29/la-reunion/">La Réunion</a></li><li><a href="https://tps-trauma.org/index.php/2018/05/29/usa/">USA</a></li><li><a href="https://tps-trauma.org/index.php/2018/05/29/canada/">Canada</a></li><li><a href="https://tps-trauma.org/index.php/2018/05/29/algerie/">Algérie</a></li><li><a href="https://tps-trauma.org/index.php/2018/05/28/nicaragua/">Nicaragua</a></li><li><a href="https://tps-trauma.org/index.php/2018/05/28/albanie-kosovo/">Albanie Kosovo</a></li></ul>

<p>Je vous propose, dans cette rubrique, de parcourir les actions que j&rsquo;ai menées dans différents pays au cours des dernières années. Soit seule dans le cadre d&rsquo;actions organisées par des institutions, soit de 2011 à 2016 dans le cadre de mon association FMCSF (Formation Médicale Continue Sans Frontière) devenue PTSF (Psycho-Trauma Sans Frontière) avec l&rsquo;aide &hellip; </p>
<p class="link-more"><a href="https://tps-trauma.org/index.php/nos-actions-par-pays/" class="more-link">Continuer la lecture<span class="screen-reader-text"> de &laquo;&nbsp;Interventions réalisées&nbsp;&raquo;</span></a></p>
