{"id":35,"date":"2018-05-26T21:50:16","date_gmt":"2018-05-26T19:50:16","guid":{"rendered":"http:\/\/tps-trauma.org\/?page_id=35"},"modified":"2022-04-22T15:40:15","modified_gmt":"2022-04-22T13:40:15","slug":"formations","status":"publish","type":"page","link":"https:\/\/tps-trauma.org\/index.php\/formations\/","title":{"rendered":"Se former"},"content":{"rendered":"\n<script async=\"\" src=\"https:\/\/www.googletagmanager.com\/gtag\/js?id=UA-53267311-2\"><\/script>\n<script>\n  window.dataLayer = window.dataLayer || [];\n  function gtag(){dataLayer.push(arguments);}\n  gtag('js', new Date());\n\n  gtag('config', 'UA-53267311-2');\n<\/script>\n\n\n\n<p class=\"wp-block-paragraph\"><a href=\"http:\/\/tps-trauma.org\/index.php\/introduction\/\">L&rsquo;ouvrage de r\u00e9f\u00e9rence<\/a> est la mani\u00e8re la plus simple et la plus efficace d&rsquo;aborder la TPS.<\/p>\n\n\n\n<p class=\"wp-block-paragraph\">Gr\u00e2ce \u00e0 des liens fournis dans le livre, on peut acc\u00e9der directement, sur le site de notre \u00e9diteur Sauramps-M\u00e9dical, aux enregistrement audios des s\u00e9ances de TPS comment\u00e9es dans la seconde partie de l&rsquo;ouvrage.<\/p>\n\n\n\n<p class=\"wp-block-paragraph\">Mais pour se former vraiment, nous avons mis en place deux types de formations :<br> &#8211; 1er niveau : Sensibilisation \u00e0 la TPS pour tous ceux qui sont \u00ab\u00a0en contact\u00a0\u00bb avec des personnes traumatis\u00e9es.<br> &#8211; 2e niveau : Pratique de la TPS pour les soignants souhaitant utiliser la TPS.<\/p>\n\n\n\n<p class=\"wp-block-paragraph\"><br>Pour \u00e9viter des d\u00e9rives et que des \u00ab\u00a0th\u00e9rapeutes\u00a0\u00bb n&rsquo;ayant aucune des qualit\u00e9s requises pr\u00e9tendent pratiquer notre m\u00e9thode, nous avons mis en place une <strong><a href=\"https:\/\/tps-trauma.org\/index.php\/certification-tps\/\">Certification<\/a><\/strong>.<\/p>\n\n\n\n<p class=\"wp-block-paragraph\">Les formations sont r\u00e9f\u00e9renc\u00e9es QUALIOPI et peuvent donc \u00eatres prises en charge dans le cadre du Compte Personnel de Formation par votre OPCO.<\/p>\n\n\n<div class=\"wp-block-image\">\n<figure class=\"aligncenter size-full is-resized\"><img data-recalc-dims=\"1\" loading=\"lazy\" decoding=\"async\" data-attachment-id=\"2834\" data-permalink=\"https:\/\/tps-trauma.org\/index.php\/formations\/certificat-qualiopi\/\" data-orig-file=\"https:\/\/i0.wp.com\/tps-trauma.org\/wp-content\/uploads\/2022\/04\/Certificat-QUALIOPI.jpg?fit=593%2C842&amp;ssl=1\" data-orig-size=\"593,842\" data-comments-opened=\"1\" data-image-meta=\"{&quot;aperture&quot;:&quot;0&quot;,&quot;credit&quot;:&quot;&quot;,&quot;camera&quot;:&quot;&quot;,&quot;caption&quot;:&quot;&quot;,&quot;created_timestamp&quot;:&quot;0&quot;,&quot;copyright&quot;:&quot;&quot;,&quot;focal_length&quot;:&quot;0&quot;,&quot;iso&quot;:&quot;0&quot;,&quot;shutter_speed&quot;:&quot;0&quot;,&quot;title&quot;:&quot;&quot;,&quot;orientation&quot;:&quot;0&quot;}\" data-image-title=\"Certificat-QUALIOPI\" data-image-description=\"\" data-image-caption=\"\" data-large-file=\"https:\/\/i0.wp.com\/tps-trauma.org\/wp-content\/uploads\/2022\/04\/Certificat-QUALIOPI.jpg?fit=525%2C745&amp;ssl=1\" src=\"https:\/\/i0.wp.com\/tps-trauma.org\/wp-content\/uploads\/2022\/04\/Certificat-QUALIOPI.jpg?resize=233%2C331&#038;ssl=1\" alt=\"\" class=\"wp-image-2834\" width=\"233\" height=\"331\" srcset=\"https:\/\/i0.wp.com\/tps-trauma.org\/wp-content\/uploads\/2022\/04\/Certificat-QUALIOPI.jpg?w=593&amp;ssl=1 593w, https:\/\/i0.wp.com\/tps-trauma.org\/wp-content\/uploads\/2022\/04\/Certificat-QUALIOPI.jpg?resize=211%2C300&amp;ssl=1 211w\" sizes=\"auto, (max-width: 233px) 100vw, 233px\" \/><\/figure>\n<\/div>\n\n\n<p class=\"wp-block-paragraph\"> L&rsquo;appellation \u00ab\u00a0Th\u00e9rapie Psycho-Sensorielle\u00a0\u00bb ainsi que le logo sont d\u00e9pos\u00e9s \u00e0 l&rsquo;INPI (R\u00e9f<strong>.<\/strong> 4514108) et ne peuvent \u00eatres utilis\u00e9s qu&rsquo;avec l&rsquo;accord du Dr Marie-Claude L\u00e9n\u00e8s.<\/p>\n\n\n\n<p class=\"wp-block-paragraph\">Nous tenons sur ce site le <a href=\"https:\/\/tps-trauma.org\/index.php\/praticiens-agrees-tps\/\"><strong>R\u00e9pertoire des praticiens agr\u00e9\u00e9s<\/strong><\/a>, par r\u00e9gion.<\/p>\n\n\n\n<p class=\"has-text-align-center wp-block-paragraph\">La Certification se fait par le docteur Marie-Claude L\u00e9n\u00e8s en personne.<br>La formation 2e niveau ne dispense pas de passer la Certification. <a href=\"https:\/\/tps-trauma.org\/index.php\/contact-2\/\"><br><\/a><\/p>\n\n\n\n<p class=\"wp-block-paragraph\">Pour en savoir plus et pour vous inscrire aux prochains stages, rendez-vous sur le site sp\u00e9cifique de la formation TPS : <a href=\"https:\/\/tps-formations.fr\" target=\"_blank\" rel=\"noreferrer noopener\">https:\/\/tps-formations.fr<\/a><\/p>\n\n\n<div class=\"wp-block-image\">\n<figure class=\"aligncenter size-full is-resized\"><a href=\"https:\/\/tps-formations.fr\/\" target=\"_blank\" rel=\"noopener\"><img data-recalc-dims=\"1\" loading=\"lazy\" decoding=\"async\" data-attachment-id=\"2713\" data-permalink=\"https:\/\/tps-trauma.org\/index.php\/formations\/tps-formation-logo-reduit\/\" data-orig-file=\"https:\/\/i0.wp.com\/tps-trauma.org\/wp-content\/uploads\/2021\/09\/Tps-formation-logo-reduit.png?fit=681%2C222&amp;ssl=1\" data-orig-size=\"681,222\" data-comments-opened=\"1\" data-image-meta=\"{&quot;aperture&quot;:&quot;0&quot;,&quot;credit&quot;:&quot;&quot;,&quot;camera&quot;:&quot;&quot;,&quot;caption&quot;:&quot;&quot;,&quot;created_timestamp&quot;:&quot;0&quot;,&quot;copyright&quot;:&quot;&quot;,&quot;focal_length&quot;:&quot;0&quot;,&quot;iso&quot;:&quot;0&quot;,&quot;shutter_speed&quot;:&quot;0&quot;,&quot;title&quot;:&quot;&quot;,&quot;orientation&quot;:&quot;0&quot;}\" data-image-title=\"Tps-formation-logo-reduit\" data-image-description=\"\" data-image-caption=\"\" data-large-file=\"https:\/\/i0.wp.com\/tps-trauma.org\/wp-content\/uploads\/2021\/09\/Tps-formation-logo-reduit.png?fit=525%2C171&amp;ssl=1\" src=\"https:\/\/i0.wp.com\/tps-trauma.org\/wp-content\/uploads\/2021\/09\/Tps-formation-logo-reduit.png?resize=341%2C111&#038;ssl=1\" alt=\"\" class=\"wp-image-2713\" width=\"341\" height=\"111\" srcset=\"https:\/\/i0.wp.com\/tps-trauma.org\/wp-content\/uploads\/2021\/09\/Tps-formation-logo-reduit.png?w=681&amp;ssl=1 681w, https:\/\/i0.wp.com\/tps-trauma.org\/wp-content\/uploads\/2021\/09\/Tps-formation-logo-reduit.png?resize=300%2C98&amp;ssl=1 300w\" sizes=\"auto, (max-width: 341px) 100vw, 341px\" \/><\/a><\/figure>\n<\/div>\n\n\n<p class=\"wp-block-paragraph\"> <\/p>\n","protected":false},"excerpt":{"rendered":"<p>L&rsquo;ouvrage de r\u00e9f\u00e9rence est la mani\u00e8re la plus simple et la plus efficace d&rsquo;aborder la TPS. Gr\u00e2ce \u00e0 des liens fournis dans le livre, on peut acc\u00e9der directement, sur le site de notre \u00e9diteur Sauramps-M\u00e9dical, aux enregistrement audios des s\u00e9ances de TPS comment\u00e9es dans la seconde partie de l&rsquo;ouvrage. Mais pour se former vraiment, nous &hellip; <\/p>\n<p class=\"link-more\"><a href=\"https:\/\/tps-trauma.org\/index.php\/formations\/\" class=\"more-link\">Continuer la lecture<span class=\"screen-reader-text\"> de &laquo;&nbsp;Se former&nbsp;&raquo;<\/span><\/a><\/p>\n","protected":false},"author":1,"featured_media":0,"parent":0,"menu_order":0,"comment_status":"closed","ping_status":"closed","template":"","meta":{"_crdt_document":"","_uf_show_specific_survey":0,"_uf_disable_surveys":false,"jetpack_post_was_ever_published":false,"footnotes":""},"class_list":["post-35","page","type-page","status-publish","hentry"],"aioseo_notices":[],"jetpack_sharing_enabled":true,"jetpack_shortlink":"https:\/\/wp.me\/PajXwX-z","jetpack-related-posts":[],"_links":{"self":[{"href":"https:\/\/tps-trauma.org\/index.php\/wp-json\/wp\/v2\/pages\/35","targetHints":{"allow":["GET"]}}],"collection":[{"href":"https:\/\/tps-trauma.org\/index.php\/wp-json\/wp\/v2\/pages"}],"about":[{"href":"https:\/\/tps-trauma.org\/index.php\/wp-json\/wp\/v2\/types\/page"}],"author":[{"embeddable":true,"href":"https:\/\/tps-trauma.org\/index.php\/wp-json\/wp\/v2\/users\/1"}],"replies":[{"embeddable":true,"href":"https:\/\/tps-trauma.org\/index.php\/wp-json\/wp\/v2\/comments?post=35"}],"version-history":[{"count":37,"href":"https:\/\/tps-trauma.org\/index.php\/wp-json\/wp\/v2\/pages\/35\/revisions"}],"predecessor-version":[{"id":2836,"href":"https:\/\/tps-trauma.org\/index.php\/wp-json\/wp\/v2\/pages\/35\/revisions\/2836"}],"wp:attachment":[{"href":"https:\/\/tps-trauma.org\/index.php\/wp-json\/wp\/v2\/media?parent=35"}],"curies":[{"name":"wp","href":"https:\/\/api.w.org\/{rel}","templated":true}]}}

<script async="" src="https://www.googletagmanager.com/gtag/js?id=UA-53267311-2"></script>
<script>
  window.dataLayer = window.dataLayer || [];
  function gtag(){dataLayer.push(arguments);}
  gtag('js', new Date());

  gtag('config', 'UA-53267311-2');
</script>



<p class="wp-block-paragraph"><a href="http://tps-trauma.org/index.php/introduction/">L&rsquo;ouvrage de référence</a> est la manière la plus simple et la plus efficace d&rsquo;aborder la TPS.</p>



<p class="wp-block-paragraph">Grâce à des liens fournis dans le livre, on peut accéder directement, sur le site de notre éditeur Sauramps-Médical, aux enregistrement audios des séances de TPS commentées dans la seconde partie de l&rsquo;ouvrage.</p>



<p class="wp-block-paragraph">Mais pour se former vraiment, nous avons mis en place deux types de formations :<br> &#8211; 1er niveau : Sensibilisation à la TPS pour tous ceux qui sont « en contact » avec des personnes traumatisées.<br> &#8211; 2e niveau : Pratique de la TPS pour les soignants souhaitant utiliser la TPS.</p>



<p class="wp-block-paragraph"><br>Pour éviter des dérives et que des « thérapeutes » n&rsquo;ayant aucune des qualités requises prétendent pratiquer notre méthode, nous avons mis en place une <strong><a href="https://tps-trauma.org/index.php/certification-tps/">Certification</a></strong>.</p>



<p class="wp-block-paragraph">Les formations sont référencées QUALIOPI et peuvent donc êtres prises en charge dans le cadre du Compte Personnel de Formation par votre OPCO.</p>


<div class="wp-block-image">
<figure class="aligncenter size-full is-resized"><img data-recalc-dims="1" loading="lazy" decoding="async" data-attachment-id="2834" data-permalink="https://tps-trauma.org/index.php/formations/certificat-qualiopi/" data-orig-file="https://i0.wp.com/tps-trauma.org/wp-content/uploads/2022/04/Certificat-QUALIOPI.jpg?fit=593%2C842&amp;ssl=1" data-orig-size="593,842" data-comments-opened="1" data-image-meta="{&quot;aperture&quot;:&quot;0&quot;,&quot;credit&quot;:&quot;&quot;,&quot;camera&quot;:&quot;&quot;,&quot;caption&quot;:&quot;&quot;,&quot;created_timestamp&quot;:&quot;0&quot;,&quot;copyright&quot;:&quot;&quot;,&quot;focal_length&quot;:&quot;0&quot;,&quot;iso&quot;:&quot;0&quot;,&quot;shutter_speed&quot;:&quot;0&quot;,&quot;title&quot;:&quot;&quot;,&quot;orientation&quot;:&quot;0&quot;}" data-image-title="Certificat-QUALIOPI" data-image-description="" data-image-caption="" data-large-file="https://i0.wp.com/tps-trauma.org/wp-content/uploads/2022/04/Certificat-QUALIOPI.jpg?fit=525%2C745&amp;ssl=1" src="https://i0.wp.com/tps-trauma.org/wp-content/uploads/2022/04/Certificat-QUALIOPI.jpg?resize=233%2C331&#038;ssl=1" alt="" class="wp-image-2834" width="233" height="331" srcset="https://i0.wp.com/tps-trauma.org/wp-content/uploads/2022/04/Certificat-QUALIOPI.jpg?w=593&amp;ssl=1 593w, https://i0.wp.com/tps-trauma.org/wp-content/uploads/2022/04/Certificat-QUALIOPI.jpg?resize=211%2C300&amp;ssl=1 211w" sizes="auto, (max-width: 233px) 100vw, 233px" /></figure>
</div>


<p class="wp-block-paragraph"> L&rsquo;appellation « Thérapie Psycho-Sensorielle » ainsi que le logo sont déposés à l&rsquo;INPI (Réf<strong>.</strong> 4514108) et ne peuvent êtres utilisés qu&rsquo;avec l&rsquo;accord du Dr Marie-Claude Lénès.</p>



<p class="wp-block-paragraph">Nous tenons sur ce site le <a href="https://tps-trauma.org/index.php/praticiens-agrees-tps/"><strong>Répertoire des praticiens agréés</strong></a>, par région.</p>



<p class="has-text-align-center wp-block-paragraph">La Certification se fait par le docteur Marie-Claude Lénès en personne.<br>La formation 2e niveau ne dispense pas de passer la Certification. <a href="https://tps-trauma.org/index.php/contact-2/"><br></a></p>



<p class="wp-block-paragraph">Pour en savoir plus et pour vous inscrire aux prochains stages, rendez-vous sur le site spécifique de la formation TPS : <a href="https://tps-formations.fr" target="_blank" rel="noreferrer noopener">https://tps-formations.fr</a></p>


<div class="wp-block-image">
<figure class="aligncenter size-full is-resized"><a href="https://tps-formations.fr/" target="_blank" rel="noopener"><img data-recalc-dims="1" loading="lazy" decoding="async" data-attachment-id="2713" data-permalink="https://tps-trauma.org/index.php/formations/tps-formation-logo-reduit/" data-orig-file="https://i0.wp.com/tps-trauma.org/wp-content/uploads/2021/09/Tps-formation-logo-reduit.png?fit=681%2C222&amp;ssl=1" data-orig-size="681,222" data-comments-opened="1" data-image-meta="{&quot;aperture&quot;:&quot;0&quot;,&quot;credit&quot;:&quot;&quot;,&quot;camera&quot;:&quot;&quot;,&quot;caption&quot;:&quot;&quot;,&quot;created_timestamp&quot;:&quot;0&quot;,&quot;copyright&quot;:&quot;&quot;,&quot;focal_length&quot;:&quot;0&quot;,&quot;iso&quot;:&quot;0&quot;,&quot;shutter_speed&quot;:&quot;0&quot;,&quot;title&quot;:&quot;&quot;,&quot;orientation&quot;:&quot;0&quot;}" data-image-title="Tps-formation-logo-reduit" data-image-description="" data-image-caption="" data-large-file="https://i0.wp.com/tps-trauma.org/wp-content/uploads/2021/09/Tps-formation-logo-reduit.png?fit=525%2C171&amp;ssl=1" src="https://i0.wp.com/tps-trauma.org/wp-content/uploads/2021/09/Tps-formation-logo-reduit.png?resize=341%2C111&#038;ssl=1" alt="" class="wp-image-2713" width="341" height="111" srcset="https://i0.wp.com/tps-trauma.org/wp-content/uploads/2021/09/Tps-formation-logo-reduit.png?w=681&amp;ssl=1 681w, https://i0.wp.com/tps-trauma.org/wp-content/uploads/2021/09/Tps-formation-logo-reduit.png?resize=300%2C98&amp;ssl=1 300w" sizes="auto, (max-width: 341px) 100vw, 341px" /></a></figure>
</div>


<p class="wp-block-paragraph"> </p>

<p>L&rsquo;ouvrage de référence est la manière la plus simple et la plus efficace d&rsquo;aborder la TPS. Grâce à des liens fournis dans le livre, on peut accéder directement, sur le site de notre éditeur Sauramps-Médical, aux enregistrement audios des séances de TPS commentées dans la seconde partie de l&rsquo;ouvrage. Mais pour se former vraiment, nous &hellip; </p>
<p class="link-more"><a href="https://tps-trauma.org/index.php/formations/" class="more-link">Continuer la lecture<span class="screen-reader-text"> de &laquo;&nbsp;Se former&nbsp;&raquo;</span></a></p>
