{"id":7,"date":"2018-05-27T09:30:38","date_gmt":"2018-05-27T07:30:38","guid":{"rendered":"http:\/\/tps-trauma.org\/?page_id=7"},"modified":"2019-11-15T16:40:02","modified_gmt":"2019-11-15T15:40:02","slug":"accueuil","status":"publish","type":"page","link":"https:\/\/tps-trauma.org\/","title":{"rendered":"La Th\u00e9rapie Psycho-Sensorielle"},"content":{"rendered":"\n<script async src=\"https:\/\/www.googletagmanager.com\/gtag\/js?id=UA-53267311-2\"><\/script>\n<script>\n  window.dataLayer = window.dataLayer || [];\n  function gtag(){dataLayer.push(arguments);}\n  gtag('js', new Date());\n\n  gtag('config', 'UA-53267311-2');\n<\/script>\n\n\n\n<p class=\"wp-block-paragraph\">ou TPS, est une solution innovante pour traiter les blessures psychiques provoqu\u00e9es par la violence.<\/p>\n\n\n\n<p class=\"wp-block-paragraph\">Le 05 ao\u00fbt 2000, lors du Xe Symposium International de Victimologie, \u00e0 Montr\u00e9al,  j\u2019avais pr\u00e9sent\u00e9 une hypoth\u00e8se novatrice : celle de l\u2019implication du mat\u00e9riel sensoriel dans la constitution du trauma psychique.<\/p>\n\n\n\n<p class=\"wp-block-paragraph\">Depuis, de nombreuses observations de suivi clinique et l&rsquo;\u00e9tude approfondie des th\u00e9ories existantes sont venues conforter le r\u00f4le du sensoriel. J&rsquo;ai \u00e9labor\u00e9 la TPS \u00e0 partir de cette recherche.<\/p>\n\n\n\n<p class=\"wp-block-paragraph\">Th\u00e9rapie&nbsp; br\u00e8ve et rapidement efficace, elle utilise les informations qui ont \u00e9t\u00e9 per\u00e7ues par les organes des sens au moment de l\u2019\u00e9v\u00e9nement et qui restent grav\u00e9es dans l\u2019appareil psychique.<\/p>\n\n\n\n<p class=\"wp-block-paragraph\">Une fois lib\u00e9r\u00e9e de l\u2019emprise traumatique gr\u00e2ce \u00e0 la TPS, la personne peut la plupart du temps poursuivre la cicatrisation de ses blessures sans autre aide th\u00e9rapeutique particuli\u00e8re. La s\u00e9ance de TPS pendant laquelle la personne a \u00e9t\u00e9 accompagn\u00e9e par le th\u00e9rapeute pour revivre sensoriellement la sc\u00e8ne lui a permis de passer de la survivance \u00e0 la vie.<\/p>\n\n\n\n<p style=\"font-size:18px\" class=\"has-text-color has-vivid-cyan-blue-color wp-block-paragraph\"><a href=\"http:\/\/tps-trauma.org\/index.php\/presentation\/\">Cliquez ici pour en savoir plus&#8230;<\/a><\/p>\n\n\n\n<p class=\"wp-block-paragraph\"><a href=\"http:\/\/tps-trauma.org\/index.php\/presentation\/\"><\/a><\/p>\n\n\n\n<p class=\"has-text-align-right wp-block-paragraph\">Dr Marie Claude L\u00e9n\u00e8s<\/p>\n","protected":false},"excerpt":{"rendered":"<p>ou TPS, est une solution innovante pour traiter les blessures psychiques provoqu\u00e9es par la violence. Le 05 ao\u00fbt 2000, lors du Xe Symposium International de Victimologie, \u00e0 Montr\u00e9al, j\u2019avais pr\u00e9sent\u00e9 une hypoth\u00e8se novatrice : celle de l\u2019implication du mat\u00e9riel sensoriel dans la constitution du trauma psychique. Depuis, de nombreuses observations de suivi clinique et l&rsquo;\u00e9tude &hellip; <\/p>\n<p class=\"link-more\"><a href=\"https:\/\/tps-trauma.org\/\" class=\"more-link\">Continuer la lecture<span class=\"screen-reader-text\"> de &laquo;&nbsp;La Th\u00e9rapie Psycho-Sensorielle&nbsp;&raquo;<\/span><\/a><\/p>\n","protected":false},"author":1,"featured_media":0,"parent":0,"menu_order":0,"comment_status":"closed","ping_status":"closed","template":"","meta":{"_crdt_document":"","_uf_show_specific_survey":0,"_uf_disable_surveys":false,"jetpack_post_was_ever_published":false,"footnotes":""},"class_list":["post-7","page","type-page","status-publish","hentry"],"aioseo_notices":[],"jetpack_sharing_enabled":true,"jetpack_shortlink":"https:\/\/wp.me\/PajXwX-7","jetpack-related-posts":[],"_links":{"self":[{"href":"https:\/\/tps-trauma.org\/index.php\/wp-json\/wp\/v2\/pages\/7","targetHints":{"allow":["GET"]}}],"collection":[{"href":"https:\/\/tps-trauma.org\/index.php\/wp-json\/wp\/v2\/pages"}],"about":[{"href":"https:\/\/tps-trauma.org\/index.php\/wp-json\/wp\/v2\/types\/page"}],"author":[{"embeddable":true,"href":"https:\/\/tps-trauma.org\/index.php\/wp-json\/wp\/v2\/users\/1"}],"replies":[{"embeddable":true,"href":"https:\/\/tps-trauma.org\/index.php\/wp-json\/wp\/v2\/comments?post=7"}],"version-history":[{"count":31,"href":"https:\/\/tps-trauma.org\/index.php\/wp-json\/wp\/v2\/pages\/7\/revisions"}],"predecessor-version":[{"id":2331,"href":"https:\/\/tps-trauma.org\/index.php\/wp-json\/wp\/v2\/pages\/7\/revisions\/2331"}],"wp:attachment":[{"href":"https:\/\/tps-trauma.org\/index.php\/wp-json\/wp\/v2\/media?parent=7"}],"curies":[{"name":"wp","href":"https:\/\/api.w.org\/{rel}","templated":true}]}}