{"id":8,"date":"2018-05-25T11:43:26","date_gmt":"2018-05-25T09:43:26","guid":{"rendered":"http:\/\/tps-trauma.org\/?page_id=8"},"modified":"2019-11-15T16:44:59","modified_gmt":"2019-11-15T15:44:59","slug":"presentation","status":"publish","type":"page","link":"https:\/\/tps-trauma.org\/index.php\/presentation\/","title":{"rendered":"La Th\u00e9rapie Psycho-Sensorielle (TPS)"},"content":{"rendered":"\n<script async src=\"https:\/\/www.googletagmanager.com\/gtag\/js?id=UA-53267311-2\"><\/script>\n<script>\n  window.dataLayer = window.dataLayer || [];\n  function gtag(){dataLayer.push(arguments);}\n  gtag('js', new Date());\n\n  gtag('config', 'UA-53267311-2');\n<\/script>\n\n\n\n<h2 class=\"wp-block-heading\">Le principe<\/h2>\n\n\n\n<blockquote class=\"wp-block-quote is-layout-flow wp-block-quote-is-layout-flow\"><p><strong>Acc\u00e9der au trauma et amorcer sa r\u00e9solution au cours de la s\u00e9ance<\/strong><\/p><\/blockquote>\n\n\n\n<p class=\"wp-block-paragraph\"><strong>Le principe de la TPS<\/strong> est d\u2019aider la personne \u00e0 acc\u00e9der au bloc traumatique de mani\u00e8re \u00e0 le revisiter, l\u2019explorer pour le neutraliser. Pour cela, il faut litt\u00e9ralement accompagner la personne dans le retour \u00e0 ce \u00ab&nbsp;lieu&nbsp;\u00bb dangereux qui la menace et o\u00f9 elle a peur de retourner.<\/p>\n\n\n\n<p style=\"color:#3a2984\" class=\"has-text-color wp-block-paragraph\">Note : la s\u00e9ance de TPS ne peut avoir lieu qu\u2019en la pr\u00e9sence directe et attentive du th\u00e9rapeute.<\/p>\n\n\n\n<h2 class=\"wp-block-heading\">Apports des observations cliniques<\/h2>\n\n\n\n<p class=\"wp-block-paragraph\">La Th\u00e9orie\nPsycho-Sensorielle, \u00e9labor\u00e9e \u00e0 partir des cas cliniques qui mettent en \u00e9vidence\nl\u2019implication du mat\u00e9riel sensoriel dans le processus de traumatisation,\nrepr\u00e9sente ce \u00ab lieu&nbsp;\u00bb comme un&nbsp;<strong>bloc sensoriel brut<\/strong>, hors\nlangage. <\/p>\n\n\n\n<p class=\"wp-block-paragraph\">Ce bloc traumatique correspond\n\u00e0 la nature de l\u2019id\u00e9e fixe de Janet, du corps \u00e9tranger de Freud ou \u00e0 l\u2019image\ntraumatique de Lebigot.<\/p>\n\n\n\n<p class=\"wp-block-paragraph\">La clinique d\u00e9montre que l\u2019intrusion de ce bloc sensoriel brut dans l\u2019appareil psychique n\u2019est pas seulement provoqu\u00e9e par la confrontation \u00e0 la mort. Ce dictat h\u00e9rit\u00e9 du crit\u00e8re A du DSM est trop souvent pris au pied de la lettre. Il ignore les blessures traumatiques des violences psychologiques, des violences sexuelles, ou les traumas pr\u00e9coces dans lesquels la notion de mort physique n\u2019est pas pr\u00e9sente. Je lui pr\u00e9f\u00e8re le crit\u00e8re de <strong>confrontation \u00e0 l\u2019an\u00e9antissement<\/strong> \u00e9prouv\u00e9e au moment de l\u2019\u00e9v\u00e9nement. Cette confrontation \u00e0 l\u2019an\u00e9antissement r\u00e9active l\u2019angoisse archa\u00efque de d\u00e9fusion \u00e9prouv\u00e9e au moment de la naissance. <\/p>\n\n\n\n<p class=\"wp-block-paragraph\">Le bloc sensoriel charg\u00e9\nde la menace d\u2019an\u00e9antissement p\u00e9n\u00e8tre dans l\u2019appareil psychique o\u00f9 il demeure\nincrust\u00e9 tel quel de fa\u00e7on permanente et active. C\u2019est lui qui est \u00e0 l\u2019origine\nde la pathologie post-traumatique.<\/p>\n\n\n\n<p class=\"wp-block-paragraph\">Traiter ce bloc sensoriel est l\u2019enjeu de la TPS.<\/p>\n\n\n\n<h2 class=\"wp-block-heading\">Paradigmes utilis\u00e9s<\/h2>\n\n\n\n<ul class=\"wp-block-list\"><li><strong>Pierre Janet<\/strong>&nbsp;: la dissociation et la part \u00ab&nbsp;<em>parasite, hors langage&nbsp;\u00bb<\/em><\/li><li><strong>Sigmund Freud<\/strong>&nbsp;: <em>\u00ab&nbsp;L\u2019effraction des enveloppes&nbsp;\u00bb<\/em> et la pr\u00e9sence du <em>\u00ab&nbsp;corps \u00e9tranger interne&nbsp;\u00bb<\/em><\/li><li><strong>Jacques Lacan<\/strong>&nbsp;: <em>\u00ab&nbsp;La rupture de la cha\u00eene des signifiants&nbsp;\u00bb&nbsp;: \u00ab&nbsp;il reste le sensoriel sans la parole&nbsp;\u00bb<\/em><\/li><li><strong>Fran\u00e7ois Lebigot<\/strong>&nbsp;: <em>\u00ab&nbsp;L\u2019effroi&nbsp;\u00bb <\/em>et les <em>\u00ab&nbsp;affinit\u00e9s de l\u2019image traumatique avec l\u2019originaire&nbsp;\u00bb<\/em><\/li><\/ul>\n\n\n\n<h2 class=\"wp-block-heading\">Pour aller plus loin<\/h2>\n\n\n\n<div class=\"wp-block-columns has-2-columns is-layout-flex wp-container-core-columns-is-layout-8f761849 wp-block-columns-is-layout-flex\">\n<div class=\"wp-block-column is-layout-flow wp-block-column-is-layout-flow\">\n<p class=\"has-text-align-left wp-block-paragraph\">Voir des<a href=\"http:\/\/tps-trauma.org\/index.php\/temoignages\/\"> t\u00e9moignages de praticiens et de patients<\/a><\/p>\n<\/div>\n\n\n\n<div class=\"wp-block-column is-layout-flow wp-block-column-is-layout-flow\">\n<p class=\"has-text-align-right wp-block-paragraph\">Voir les <a href=\"http:\/\/tps-trauma.org\/index.php\/domaines-situations-dintervention\/\">domaines et situations d&rsquo;intervention<\/a> dans lesquelles la TPS peut s&rsquo;appliquer<\/p>\n<\/div>\n<\/div>\n\n\n\n<p class=\"wp-block-paragraph\">D\u00e9couvrez <a href=\"http:\/\/tps-trauma.org\/index.php\/le-livre\/\">l&rsquo;ouvrage de r\u00e9f\u00e9rence<\/a> \u00e9crit par le Dr Marie Claude L\u00e9n\u00e8s, cr\u00e9atrice de la TPS<\/p>\n","protected":false},"excerpt":{"rendered":"<p>Le principe Acc\u00e9der au trauma et amorcer sa r\u00e9solution au cours de la s\u00e9ance Le principe de la TPS est d\u2019aider la personne \u00e0 acc\u00e9der au bloc traumatique de mani\u00e8re \u00e0 le revisiter, l\u2019explorer pour le neutraliser. Pour cela, il faut litt\u00e9ralement accompagner la personne dans le retour \u00e0 ce \u00ab&nbsp;lieu&nbsp;\u00bb dangereux qui la menace &hellip; <\/p>\n<p class=\"link-more\"><a href=\"https:\/\/tps-trauma.org\/index.php\/presentation\/\" class=\"more-link\">Continuer la lecture<span class=\"screen-reader-text\"> de &laquo;&nbsp;La Th\u00e9rapie Psycho-Sensorielle (TPS)&nbsp;&raquo;<\/span><\/a><\/p>\n","protected":false},"author":1,"featured_media":0,"parent":0,"menu_order":1,"comment_status":"closed","ping_status":"closed","template":"","meta":{"_crdt_document":"","_uf_show_specific_survey":0,"_uf_disable_surveys":false,"jetpack_post_was_ever_published":false,"footnotes":""},"class_list":["post-8","page","type-page","status-publish","hentry"],"aioseo_notices":[],"jetpack_sharing_enabled":true,"jetpack_shortlink":"https:\/\/wp.me\/PajXwX-8","jetpack-related-posts":[],"_links":{"self":[{"href":"https:\/\/tps-trauma.org\/index.php\/wp-json\/wp\/v2\/pages\/8","targetHints":{"allow":["GET"]}}],"collection":[{"href":"https:\/\/tps-trauma.org\/index.php\/wp-json\/wp\/v2\/pages"}],"about":[{"href":"https:\/\/tps-trauma.org\/index.php\/wp-json\/wp\/v2\/types\/page"}],"author":[{"embeddable":true,"href":"https:\/\/tps-trauma.org\/index.php\/wp-json\/wp\/v2\/users\/1"}],"replies":[{"embeddable":true,"href":"https:\/\/tps-trauma.org\/index.php\/wp-json\/wp\/v2\/comments?post=8"}],"version-history":[{"count":39,"href":"https:\/\/tps-trauma.org\/index.php\/wp-json\/wp\/v2\/pages\/8\/revisions"}],"predecessor-version":[{"id":2339,"href":"https:\/\/tps-trauma.org\/index.php\/wp-json\/wp\/v2\/pages\/8\/revisions\/2339"}],"wp:attachment":[{"href":"https:\/\/tps-trauma.org\/index.php\/wp-json\/wp\/v2\/media?parent=8"}],"curies":[{"name":"wp","href":"https:\/\/api.w.org\/{rel}","templated":true}]}}